m(3)?
-38
Let h(r) = 7*r + 28. Calculate h(-6).
-14
Let t(n) = -n**3 + 16*n**2 - n + 8. Give t(16).
-8
Let r(f) = f**3 - 2*f**2 - f - 3. Determine r(3).
3
Let g(y) = -y**2 - 29*y - 81. Determine g(-26).
-3
Let f(m) = m**3 + 8*m**2 + 4*m + 21. Determine f(-8).
-11
Let a(l) = -l**2 + 34*l + 145. Give a(38).
-7
Let w(s) = 2*s**2 - 99*s - 162. Calculate w(51).
-9
Let k(c) = -32*c + 6. What is k(-2)?
70
Let h(p) = 7*p**2 + 128*p + 31. Calculate h(-18).
-5
Let z(k) = k**3 - k**2 + 3*k + 3. Determine z(3).
30
Let s(p) = p**2 + 9*p + 8. What is s(-8)?
0
Let p(w) = -w**3 + 6*w**2 + w - 12. Calculate p(5).
18
Let h(j) = 6*j**2 + 3*j + 2. What is h(-2)?
20
Let x(n) = n - 8. Determine x(5).
-3
Let p(l) = -l**3 - 14*l**2 + 3*l + 11. Give p(-14).
-31
Let h(m) = -m**3 - 9*m**2 + 11*m - 9. Calculate h(-10).
-19
Let p(z) = z**3 + 10*z**2 - z - 6. Determine p(-10).
4
Let d(x) = -2*x**3 + 2*x + 2. Give d(0).
2
Let o(b) = b**2 - 12*b - 258. Calculate o(23).
-5
Let y(q) = -11*q + 7. Calculate y(1).
-4
Let y(x) = -13*x + 14. Give y(-2).
40
Let y(u) = -2*u**2 + 11*u + 6. Calculate y(6).
0
Let s(a) = a - 54. Give s(22).
-32
Let q(x) = -21*x - 590. What is q(-28)?
-2
Let z(g) = -4*g**3 + 8*g**2 - 5*g + 7. Calculate z(3).
-44
Let q(l) = -l**3 + 12*l**2 - 13*l + 2. Calculate q(11).
-20
Let c(x) = -8*x + 16. What is c(3)?
-8
Let r(g) = g**2 - 5*g - 2. Calculate r(5).
-2
Let k(g) = -g**2 - 16*g - 23. What is k(-11)?
32
Let h(q) = 16*q. What is h(-2)?
-32
Let a(q) = q**3 - 14*q**2 - 2*q - 193. Calculate a(15).
2
Let x(k) = -4*k**2 - 13*k + 4. Give x(-4).
-8
Let l(u) = -45*u - 25. Calculate l(-1).
20
Let q(u) = 2*u**2 - u + 5. What is q(-5)?
60
Let t(b) = b**2 - 7*b - 5. Determine t(6).
-11
Let t(g) = -g**3 + 13*g**2 - 17*g - 45. Give t(11).
10
Let b(s) = -2*s**3 - s**2 + 12*s + 16. What is b(-2)?
4
Let q(c) = c**2 + 14*c - 13. Calculate q(-14).
-13
Let q(l) = -2*l**2 - 40*l + 16. Calculate q(-21).
-26
Let y(u) = -9*u - 36. What is y(-3)?
-9
Let z(a) = -3*a - 12. What is z(-7)?
9
Let l(u) = -u**3 - 5*u**2 - 2*u - 7. What is l(-3)?
-19
Let m(h) = 2*h. Give m(-7).
-14
Let b(d) = -d + 65. Calculate b(21).
44
Let x(c) = -2*c**3 + 2*c**2 + 5*c + 3. What is x(-1)?
2
Let p(x) = -2*x + 2. Determine p(2).
-2
Let d(z) = -z**2 - 3*z + 2. Give d(-10).
-68
Let f(p) = -p + 50. Give f(42).
8
Let w(s) = s**3 - 6*s**2 - 4*s + 4. Determine w(6).
-20
Let x(f) = 4*f + 4. Calculate x(2).
12
Let i(v) = v**3 + 9*v**2 - 23*v - 18. Determine i(-11).
-7
Let b(m) = -m**3 + 25*m**2 + 52*m + 18. Determine b(27).
-36
Let o(f) = f**2 - 7*f - 18. Calculate o(9).
0
Let x(v) = 9*v - 136. Calculate x(15).
-1
Let t(g) = -g**3 - 10*g**2 - 2*g - 3. Calculate t(-10).
17
Let s(o) = 57*o**3 - o**2 + 2*o - 1. Determine s(1).
57
Let c(v) = -v**3 + 8*v**2 + v - 5. Calculate c(8).
3
Let x(z) = 4*z + 21. What is x(-6)?
-3
Let d(p) = -p**2 - 10*p + 4. What is d(-12)?
-20
Let z(q) = -13*q**3 - q**2. Determine z(1).
-14
Let v(f) = -f**2 + 13*f - 9. Determine v(12).
3
Let b(q) = -q**3 - 16*q**2 - 15*q + 21. Determine b(-15).
21
Let k(f) = 4*f**2 + 8*f - 3. Calculate k(-5).
57
Let l(n) = -2*n**3 + 38*n**2 - 169*n + 12. Determine l(12).
0
Let x(m) = m**2 + 19*m - 42. Calculate x(-20).
-22
Let l(r) = r**2 - 13*r + 2. Give l(12).
-10
Let g(q) = 5*q**3 + 8*q**2 + 5*q - 4. What is g(-2)?
-22
Let s(b) = 23*b + 338. Calculate s(-15).
-7
Let r(i) = 3*i**2 - 5*i - 2. Determine r(2).
0
Let r(q) = q**3 + 2*q**2 + q + 24. Give r(0).
24
Let h(j) = 10*j**2 - 4*j - 6. What is h(-1)?
8
Let n(p) = p**2 + 9*p - 14. Determine n(-6).
-32
Let y(u) = u**2 - 25. Determine y(0).
-25
Let q(h) = 2*h**2 - 12*h + 15. Calculate q(7).
29
Let o(t) = -2*t**2 + 3*t - 12. What is o(8)?
-116
Let y(f) = -f**2 - 14. What is y(0)?
-14
Let n(j) = -j**2 - 10*j + 1. Determine n(-7).
22
Let r(j) = j - 64. Give r(-25).
-89
Let f(t) = -t**2 - 16*t - 11. What is f(-14)?
17
Let m(x) = -3*x**2 - 5*x - 8. Determine m(5).
-108
Let n(q) = -q**2 + 12*q - 8. What is n(11)?
3
Let h(w) = -w**2 - 6*w + 10. Determine h(-7).
3
Let x(j) = -2*j**2 - 61*j + 61. Calculate x(-32).
-35
Let q(h) = -h**3 + 2*h**2 + h + 11. What is q(3)?
5
Let o(l) = -2*l + 60. Calculate o(28).
4
Let c(v) = -v + 4. What is c(-4)?
8
Let a(x) = 2*x**3 - 2*x - 1. Give a(3).
47
Let x(s) = s**3 - 9*s**2 + 8*s - 11. Give x(8).
-11
Let g(d) = 175*d + 878. What is g(-5)?
3
Let u(v) = -v**3 + 28*v**2 - 6*v + 168. Determine u(28).
0
Let w(a) = a + 21. Calculate w(-15).
6
Let p(n) = 3*n + 17. What is p(-9)?
-10
Let g(j) = -j**3 - 68*j**2 - j - 63. What is g(-68)?
5
Let u(g) = -g + 43. Determine u(10).
33
Let b(u) = -u**3 - 13*u**2 + 15*u + 13. What is b(-14)?
-1
Let g(o) = -3*o - 58. Give g(11).
-91
Let v(n) = -2*n**2 - 10*n - 4. What is v(-7)?
-32
Let x(m) = -3*m + 30. Determine x(10).
0
Let v(y) = 4*y + 48. Give v(-10).
8
Let f(d) = -15*d. Calculate f(-8).
120
Let l(u) = -2*u**2 + 26*u + 30. Give l(14).
2
Let s(x) = 137*x**2 + 3*x + 1. Calculate s(-1).
135
Let t(c) = -c**2 + 2*c - 3. Determine t(0).
-3
Let r(i) = -i**3 + 5*i**2 + 16*i - 5. Calculate r(7).
9
Let w(a) = -8*a - 3. What is w(5)?
-43
Let d(c) = -c + 5. Determine d(-5).
10
Let s(g) = -7*g + 118. Determine s(17).
-1
Let s(g) = -11*g**2 + 111*g - 10. Give s(10).
0
Let x(h) = -h**3 + 25*h**2 + 28*h - 52. Determine x(26).
0
Let g(t) = 2*t - 32. Determine g(13).
-6
Let t(x) = 2*x**3 + 8*x**2 + 13*x + 6. Determine t(-1).
-1
Let i(x) = 3*x - 22. Determine i(5).
-7
Let u(n) = -16*n - 1178. What is u(-74)?
6
Let o(w) = 3*w - 6. Calculate o(-4).
-18
Let p(g) = -g - 29. Give p(-13).
-16
Let m(s) = s**3 - 3*s**2 - 2*s - 2. Calculate m(-1).
-4
Let x(c) = -c**3 - 3*c**2 + c - 5. Calculate x(-4).
7
Let x(z) = -z**3 - 6*z**2 + 12*z - 4. What is x(-7)?
-39
Let t(s) = -s**3 + 4*s**2 + 11*s + 27. What is t(7)?
-43
Let v(o) = 5*o + 13. Calculate v(-12).
-47
Let c(q) = 4*q - 10. Calculate c(-6).
-34
Let f(l) = 20*l + 45. Calculate f(-6).
-75
Let z(c) = -4*c**2 + 49*c - 6. Give z(12).
6
Let y(l) = 18*l + 78. Determine y(-3).
24
Let b(j) = 6*j - 102. Determine b(17).
0
Let t(n) = -25*n**3 - 2*n**2 - 4*n - 2. Calculate t(-1).
25
Let s(q) = -q**2 + 5*q + 6. Give s(5).
6
Let s(r) = r + 4. Give s(-3).
1
Let r(o) = -o**3 - 37*o**2 - 39*o - 115. Calculate r(-36).
-7
Let t(f) = f**2 + 6*f - 45. Calculate t(-11).
10
Let y(x) = -x**3 - 4*x**2 + 13*x - 3. Give y(-6).
-9
Let q(a) = a + 1. Determine q(-6).
-5
Let o(k) = -k**2 - 10*k - 7. Give o(-9).
2
Let i(j) = -j**3 + 31*j**2 - 57*j - 18. What is i(29)?
11
Let y(c) = c**3 - 25*c + 5. Calculate y(-5).
5
Let h(q) = 51*q - 264. Calculate h(6).
42
Let w(y) = -6*y - 1. Calculate w(-4).
23
Let y(s) = -s**3 + 2*s**2 - 5. What is y(-2)?
11
Let m(v) = 10*v - 47. Determine m(4).
-7
Let q(s) = -2*s**2 - 2*s - 1. Give q(-2).
-5
Let b(n) = 10*n**3 + n**2 - n + 1. Calculate b(1).
11
Let o(s) = s**2 - 10*s + 13. Calculate o(9).
4
Let r(b) = -10*b**2 + 2*b - 2. Determine r(2).
-38
Let c(g) = -g**3 - 14*g**2 - 41*g - 12. Determine c(-10).
-2
Let i(r) = -r**2 + 68*r - 561. Give i(10).
19
Let i(y) = 36*y - 1. Give i(-1).
-37
Let v(b) = b + 3. Give v(-2).
1
Let j(h) = 17*h - 1. Calculate j(1).
16
Let h(i) = i**3 - 3*i**2 + 7*i - 4. Determine h(4).
40
Let h(y) = y**3 + y**2 - 16*y. What is h(-4)?
16
Let f(k) = k**2 + 21*k + 27. Give f(-20).
7
Let y(j) = -2*j**2 - 3*j + 7. Calculate y(-5).
-28
Let n(i) = 4*i**2 - 11*i + 5. Calculate n(3).
8
Let u(q) = -q + 8. What is u(-9)?
17
Let d(p) = -106*p - 3. What is d(-1)?
103
Let v(a) = -2*a - 5. What is v(-4)?
3
Let k(d) = -3*d + 35. Calculate k(12).
-1
Let l(b) = b**3 - 14*b**2 + 10*b + 37. What is l(13)?
-2
Let r(z) = 2*z + 24. Give r(-9).
6
Let i(u) = -u**2 - 25*u - 136. Give i(-17).
0
Let u(f) = -f**3 + 8*f**2 - 11*f + 21. Determine u(7).
-7
Let i(g) = 3*g - 6. Give i(3).
3
Let c(q) = q**2 + q - 73. What is c(-10)?
17
Let d(s) = s**3 + 7*s**2 + 6*s + 8. Give d(-6).
8
Let g(k) = -6*k - 69. What is g(-10)?
-9
Let d(f) = f + 18. Determine d(-12).
6
Let x(c) = -6*c + 27. What is x(5)?
-3
Let d(z) = -5*z - 12. What is d(0)?
-12
Let d(x) = x**3 + 24*x**2 - 23*x + 42. What is d(-25)?
-8
Let h(c) = 5*c - 166. Determine h(33).
-1
Let t(y) = -2*y - 40. Calculate t(-19).
-2
Let m(z) = -4*z**3 - 39*z**2 - 21*z + 55. Calculate m(-9).
1
Let d(o) = 2*o**3 + 2*o**2 - o - 3. What is d(-2)?
-9
Let c(p) = -p**3 - 5*p**2 - 5